der when 673 is divided by 176?
145
Calculate the remainder when 123 is divided by 4.
3
Calculate the remainder when 97 is divided by 26.
19
Calculate the remainder when 2586 is divided by 80.
26
What is the remainder when 295 is divided by 100?
95
What is the remainder when 212 is divided by 111?
101
Calculate the remainder when 12712 is divided by 326.
324
Calculate the remainder when 1635 is divided by 18.
15
What is the remainder when 475 is divided by 123?
106
Calculate the remainder when 467 is divided by 150.
17
Calculate the remainder when 352 is divided by 147.
58
What is the remainder when 5072 is divided by 6?
2
Calculate the remainder when 1369 is divided by 681.
7
Calculate the remainder when 4483 is divided by 17.
12
Calculate the remainder when 5438 is divided by 21.
20
What is the remainder when 5299 is divided by 52?
47
Calculate the remainder when 223 is divided by 34.
19
What is the remainder when 496 is divided by 31?
0
What is the remainder when 350 is divided by 294?
56
What is the remainder when 290 is divided by 14?
10
Calculate the remainder when 1557 is divided by 65.
62
What is the remainder when 577 is divided by 29?
26
Calculate the remainder when 42 is divided by 10.
2
What is the remainder when 836 is divided by 31?
30
Calculate the remainder when 123 is divided by 48.
27
Calculate the remainder when 463 is divided by 139.
46
Calculate the remainder when 123 is divided by 65.
58
Calculate the remainder when 68 is divided by 36.
32
What is the remainder when 105 is divided by 23?
13
What is the remainder when 309 is divided by 65?
49
What is the remainder when 527 is divided by 48?
47
What is the remainder when 1998 is divided by 396?
18
What is the remainder when 127 is divided by 18?
1
What is the remainder when 1079 is divided by 60?
59
What is the remainder when 9558 is divided by 239?
237
Calculate the remainder when 449 is divided by 30.
29
What is the remainder when 781 is divided by 49?
46
Calculate the remainder when 811 is divided by 179.
95
What is the remainder when 898 is divided by 105?
58
Calculate the remainder when 7969 is divided by 5.
4
Calculate the remainder when 53 is divided by 29.
24
What is the remainder when 2671 is divided by 7?
4
Calculate the remainder when 813 is divided by 47.
14
What is the remainder when 423 is divided by 72?
63
What is the remainder when 360 is divided by 98?
66
What is the remainder when 753 is divided by 76?
69
What is the remainder when 404 is divided by 102?
98
What is the remainder when 1042 is divided by 212?
194
Calculate the remainder when 56 is divided by 15.
11
Calculate the remainder when 70 is divided by 52.
18
What is the remainder when 10616 is divided by 37?
34
What is the remainder when 4075 is divided by 11?
5
Calculate the remainder when 146 is divided by 42.
20
What is the remainder when 3 is divided by 2?
1
Calculate the remainder when 637 is divided by 13.
0
Calculate the remainder when 2069 is divided by 99.
89
Calculate the remainder when 4216 is divided by 74.
72
Calculate the remainder when 560 is divided by 108.
20
What is the remainder when 2598 is divided by 289?
286
What is the remainder when 119 is divided by 20?
19
What is the remainder when 6454 is divided by 95?
89
Calculate the remainder when 956 is divided by 47.
16
What is the remainder when 156 is divided by 3?
0
What is the remainder when 36 is divided by 7?
1
Calculate the remainder when 3874 is divided by 58.
46
What is the remainder when 196 is divided by 38?
6
Calculate the remainder when 218 is divided by 22.
20
What is the remainder when 1272 is divided by 1261?
11
Calculate the remainder when 28 is divided by 10.
8
What is the remainder when 5346 is divided by 50?
46
Calculate the remainder when 11054 is divided by 38.
34
What is the remainder when 80 is divided by 17?
12
What is the remainder when 1398 is divided by 50?
48
Calculate the remainder when 33 is divided by 18.
15
Calculate the remainder when 31 is divided by 8.
7
What is the remainder when 476 is divided by 69?
62
Calculate the remainder when 7214 is divided by 65.
64
What is the remainder when 44 is divided by 19?
6
Calculate the remainder when 745 is divided by 93.
1
What is the remainder when 101 is divided by 37?
27
Calculate the remainder when 2090 is divided by 6.
2
What is the remainder when 3829 is divided by 14?
7
What is the remainder when 2356 is divided by 588?
4
Calculate the remainder when 1578 is divided by 158.
156
What is the remainder when 6885 is divided by 24?
21
Calculate the remainder when 1282 is divided by 92.
86
What is the remainder when 304 is divided by 67?
36
What is the remainder when 84 is divided by 36?
12
Calculate the remainder when 1937 is divided by 102.
101
What is the remainder when 273 is divided by 69?
66
Calculate the remainder when 950 is divided by 18.
14
Calculate the remainder when 258 is divided by 72.
42
Calculate the remainder when 480 is divided by 62.
46
Calculate the remainder when 55515 is divided by 19.
16
Calculate the remainder when 1671 is divided by 60.
51
What is the remainder when 499 is divided by 102?
91
What is the remainder when 270 is divided by 106?
58
Calculate the remainder when 2142 is divided by 86.
78
What is the remainder when 8975 is divided by 132?
131
Calculate the remainder when 1901 is divided by 56.
53
Calculate the remainder when 41 is divided by 21.
20
What is the remainder when 10208 is divided by 25?
8
Calculate the remainder when 282 is divided by 114.
54
Calculate the remainder when 98 is divided by 13.
7
Calculate the remainder when 75 is divided by 19.
18
What is the remainder when 634 is divided by 34?
22
What is the remainder when 158 is divided by 11?
4
Calculate the remainder when 4602 is divided by 72.
66
What is the remainder when 182 is divided by 63?
56
What is the remainder when 66 is divided by 46?
20
Calculate the remainder when 475 is divided by 60.
55
What is the remainder when 120 is divided by 28?
8
What is the remainder when 2317 is divided by 16?
13
What is the remainder when 583 is divided by 50?
33
What is the remainder when 99 is divided by 35?
29
What is the remainder when 112 is divided by 11?
2
Calculate the remainder when 254 is divided by 89.
76
What is the remainder when 3552 is divided by 237?
234
What is the remainder when 410 is divided by 132?
14
Calculate the remainder when 420 is divided by 419.
1
What is the remainder when 755 is divided by 36?
35
What is the remainder when 249 is divided by 34?
11
What is the remainder when 2042 is divided by 41?
33
What is the remainder when 994 is divided by 494?
6
What is the remainder when 190 is divided by 36?
10
Calculate the remainder when 20382 is divided by 13.
11
Calculate the remainder when 450 is divided by 88.
10
What is the remainder when 907 is divided by 70?
67
Calculate the remainder when 223 is divided by 45.
43
What is the remainder when 31 is divided by 29?
2
What is the remainder when 266 is divided by 136?
130
Calculate the remainder when 3060 is divided by 99.
90
Calculate the remainder when 390 is divided by 80.
70
Calculate the remainder when 620 is divided by 609.
11
What is the remainder when 2024 is divided by 25?
24
What is the remainder when 371 is divided by 36?
11
What is the remainder when 6057 is divided by 4?
1
What is the remainder when 877 is divided by 88?
85
What is the remainder when 136 is divided by 32?
8
Calculate the remainder when 1964 is divided by 42.
32
Calculate the remainder when 131 is divided by 33.
32
Calculate the remainder when 109 is divided by 54.
1
What is the remainder when 10 is divided by 7?
3
What is the remainder when 1215 is divided by 55?
5
Calculate the remainder when 1595 is divided by 25.
20
What is the remainder when 1384 is divided by 10?
4
What is the remainder when 1414 is divided by 24?
22
Calculate the remainder when 133 is divided by 17.
14
Calculate the remainder when 329 is divided by 21.
14
Calculate the remainder when 324 is divided by 76.
20
Calculate the remainder when 21 is divided by 8.
5
What is the remainder when 686 is divided by 53?
50
What is the remainder when 1790 is divided by 593?
11
Calculate the remainder when 13044 is divided by 15.
9
What is the remainder wh